 6*s + 35 - 605. What is the tens digit of s?
9
Let j be (-38 + 2)/((-6)/4). Suppose j = 3*f - 0*f. What is the units digit of f?
8
Let r(s) = 2*s**3 + s**2. Let g be r(1). Suppose 17 = p + k, p + k = -4*k - g. What is the units digit of p?
2
Let j = 0 + 7. Suppose -2*q = 1 - j. What is the units digit of q?
3
Suppose -6*a + 37 = -53. What is the units digit of a?
5
Suppose -5*a = -5*y + 110, 5*a - 7 = -2*y + 9. Suppose 5*c - y = h, -4*h = -c - 2*h. What is the units digit of c?
4
Let q(f) = -13*f - 56. What is the hundreds digit of q(-16)?
1
Suppose 2*v = -n + 63, -5*v + 4*n = -5 - 172. Let j be 126/v - 4/(-22). What is the units digit of j/18 - 50/(-18)?
3
Let y = 71 - 47. Suppose -2*r = -4*j - 7*r + y, 19 = 3*j + 4*r. What is the units digit of 6 - (3 - 2/j)?
5
What is the tens digit of (580/(-8))/5*-2?
2
Suppose 4 = 2*k, 4*h - 3*k - 84 = -26. Let f = -18 + 10. Let o = f + h. What is the units digit of o?
8
Suppose -5*k + k = 84. Let r = 34 + k. What is the tens digit of r?
1
Let x be (-2)/(132/69 - 2). Suppose -5*p + 4*u + 86 - x = 0, -3*p + 57 = 4*u. What is the tens digit of p?
1
Let i(c) be the third derivative of -3*c**4/4 + 4*c**2. What is the units digit of i(-1)?
8
Let k = -4 + 10. Suppose 12 = -l + 5*l, 3*y + 2*l = k. Suppose y*z + 2*z = 10. What is the units digit of z?
5
Let t be (4/(-6))/(10/(-45)). Suppose 5*m = -t*h + 14, 7*h - 4*h - 5*m - 34 = 0. Let i = 12 - h. What is the units digit of i?
4
Suppose -3*n = -10*n. Suppose -l + 7 + 8 = n. What is the tens digit of l?
1
Let l = 92 - 30. What is the units digit of l?
2
Suppose -5*l + 12 = -l. Suppose 2*j = -l*j + 45. What is the units digit of j?
9
Let r(i) be the first derivative of -1/4*i**4 - 4*i + 4*i**2 + 5/3*i**3 - 1. What is the units digit of r(6)?
8
Let q(n) = -n + 4. Let v be q(4). What is the units digit of (-19)/(1 + -2 + v)?
9
Let f = -4 + 8. What is the units digit of f?
4
Suppose 0 = -l - 1 + 5. Suppose -5*h = z - 107, -3*z = 2*h - l*h + 53. What is the units digit of h?
2
Suppose -5*c - 34 + 9 = 0, 0 = 5*d - 5*c - 130. What is the units digit of d?
1
Let r = -12 + 8. Let z(j) = 3*j**2 + j + 1. Let g(h) = 10*h**2 + 2*h + 2. Let y(b) = -2*g(b) + 7*z(b). What is the units digit of y(r)?
7
Suppose -4*k = -v - 2 - 6, 5*k + 4*v - 31 = 0. Suppose -20 = 4*q, 0*r - k*q + 33 = 2*r. What is the units digit of ((-2)/(-4))/(2/r)?
6
Let r(a) be the second derivative of a**3/6 + 15*a**2/2 - 3*a. What is the tens digit of r(0)?
1
Let u(q) = -q**3 + 6*q**2 - 4*q - 3. Let s be u(5). Suppose 0*r + r = s. Suppose r = -4*t + 18. What is the units digit of t?
4
Let c = 31 - 13. What is the units digit of c?
8
Let w = 16 + -14. What is the tens digit of 407/33 - w/6?
1
Let j(h) = h**2 - 2*h - 1. Let k be j(3). Suppose -k*r - 48 = -5*r. What is the units digit of r?
6
Let t(f) = -3*f + 4*f + 3 + 5. Let m be t(-6). Suppose -j + o = 0, o - 20 = -5*j + m*o. What is the units digit of j?
5
What is the hundreds digit of (-915)/(-6) - 4 - 2/(-4)?
1
Let z be 64/(-3) + (-4)/6. Let n = 32 + z. What is the tens digit of n?
1
Let k = -100 + 164. What is the tens digit of k?
6
What is the units digit of -4*(1 + 0 + 236/(-8))?
4
Let i be 16*1 - (1 + -3). Let r = 25 - i. What is the units digit of (r - -1)*(-2)/(-4)?
4
Let r(k) = 3*k - 5. Let v(a) = 9*a - 15. Let m(b) = 7*r(b) - 2*v(b). Suppose -3*n + 2*n + 4 = 0. What is the units digit of m(n)?
7
Let i be (3 - 2 - 0)*8. Let j be i/(-12) - (-11)/3. Let r = 9 - j. What is the units digit of r?
6
Let u(n) = -n**2 + 1. Let x be u(0). Let m = -18 + x. Let a = m - -30. What is the tens digit of a?
1
Let y(p) = 5*p**2 + 9*p - 7. What is the units digit of y(-5)?
3
Suppose 0 = -0*s + 2*s - 4. Suppose -s*r - l = 4, 3*r + 13 = 3*l - 11. Let h = 7 + r. What is the units digit of h?
3
Let g(d) = 9*d - 3. Suppose -4*j - 5*x - 2 = 0, 4*x - 11 = 5*j - 29. What is the units digit of g(j)?
5
Let w(f) = f + 9. Let y be w(-4). Suppose g - y*g + 2*a = 4, a = g - 1. Let p = 7 + g. What is the units digit of p?
4
Let f = 11 - 3. Let l(q) = q**3 - 8*q**2 + q - 9. Let s be l(f). What is the tens digit of (s - 14)*(-2)/3?
1
Let c = -15 - -21. What is the units digit of ((-32)/c)/(10/(-15))?
8
Let p(g) = -14*g - 1. Let q be (-10)/35 - 5/7. Let o be p(q). Suppose -4*f + 3 - o = -w, 0 = 4*f + 4. What is the units digit of w?
6
Suppose d + 18 = 5*c, -2*d = 3*d - 5*c + 10. Let h(r) = 2*r**2 + 2*r - 3. What is the units digit of h(d)?
9
What is the tens digit of 348/(-16)*8/(-3)?
5
Let g(t) = 23*t + 2. Let i be 1/(10/(-4) + 3). What is the tens digit of g(i)?
4
What is the tens digit of (-10)/((-60)/18) + 257?
6
Let v be 5/2*(0 + 2). Suppose 0 = 3*d + v - 14. Suppose -2*c = d*j - 15, j + 4*c = -3*j + 16. What is the units digit of j?
7
Suppose 2*f = -2*f + 8. What is the units digit of f?
2
Suppose -5*l = -4*v - 4*l - 377, 473 = -5*v + 3*l. Let m = -53 - v. What is the units digit of m?
1
What is the units digit of (-73)/(-15) + -5 - (-154)/30?
5
Suppose 0 = 4*k - 2*b - 2*b - 8, 0 = -2*k - 2*b + 4. Suppose -k*h = -h - 6. What is the units digit of h?
6
Let z be 7/(3 - (1 - -1)). Suppose 5*j - 2*u = 7, 2*u = 4*j - u - z. What is the units digit of j?
1
Let s(c) = -10*c**3 - 1. Let n be s(-1). What is the units digit of (-3)/(-6 + 3) + n?
0
Let g(q) = 2 - 7*q - 2*q + 2*q - 3. Let t(f) = f - 1. Let x(j) = -g(j) - t(j). What is the units digit of x(2)?
4
Suppose -j + 25 = -0*j. Suppose 3*h + j = 67. What is the tens digit of h?
1
Let u(d) = d**3 + 2*d**2 - 5*d - 4. Let g be u(-3). Let f be 2/4*(-4)/(-2). What is the units digit of (f + -3)/(g/(-16))?
6
What is the hundreds digit of ((-1164)/(-8) + -3 - -4)*2?
2
Let l(h) = -h**3 - h**2 + h - 40. Let r be l(0). What is the units digit of (4/10)/((-4)/r)?
4
Let k be 28 - (-2 + 1 + -1). Suppose 3*i - h + 1 = 4*h, -5*i + 2*h + k = 0. What is the units digit of i?
8
Suppose -9 = -4*b + 3, -30 = -4*n - 2*b. Suppose -4*g = n + 2. Let x = 1 - g. What is the units digit of x?
3
Suppose -x - 5*v + 33 = 0, -3*v + 39 = 2*x - 48. Let o = x + -33. What is the tens digit of o?
1
Suppose 558 = 3*z - 9. What is the units digit of z?
9
Suppose 2*v + 6 + 2 = 0, 4*y - v = 36. What is the units digit of y/16 + 9/2?
5
Let g = 15 - -2. Suppose 1 = -4*f - i, 3 = -4*f + 2*i + g. What is the units digit of f?
1
Let v = 29 + -14. Suppose 0 = 5*w + 4 + 41. Let d = w + v. What is the units digit of d?
6
Let i(a) = -a**2 - 27*a - 17. What is the tens digit of i(-16)?
5
Let a(d) = 9*d - 4. Let i be a(3). Let j = i - 15. What is the units digit of j?
8
Let n = -4 - -8. What is the units digit of n/(-8) - (-153)/6?
5
Let k = 167 + -115. What is the units digit of k?
2
Suppose 36 = -2*q - 2*q. Let u = 23 + q. Let h = u - -3. What is the units digit of h?
7
Let j be -1 - 2 - 150/6. What is the units digit of (-15)/(-2) + 14/j?
7
Let h(s) = 2*s + 10. Let c be h(-7). Let r = 8 + c. What is the units digit of r?
4
What is the tens digit of (7/(140/275))/(1/4)?
5
Suppose 2*a - 19 - 19 = 0. What is the units digit of a?
9
Let p = 84 + -24. Let u = p - -3. Suppose 0 = 3*l - u + 24. What is the units digit of l?
3
Suppose 16 = -3*s + 7*s. Suppose 2*k - s*i + 14 = 0, -10 - 10 = -4*i. Suppose 4*x - k*v = 85 - 13, -x = -v - 19. What is the units digit of x?
5
Let h = -5 - 1. What is the units digit of (h/8)/(1/(-4))?
3
Suppose -5*l - 3 = -b + 5*b, -5*b - 7 = 3*l. Suppose -2*z = -z - 8. Suppose -z = -a - l. What is the units digit of a?
7
Suppose 4*l - 187 = -5*m, 3*m - 121 = -0*l + 2*l. What is the units digit of m?
9
Suppose 0 = -2*w - w + 9. Let p be 45/18*24/10. Suppose -w*l + 18 = p. What is the units digit of l?
4
Suppose -220 = 3*p - 8*p. What is the tens digit of p?
4
Let b be 10/(-3)*6/5. Let r = -5 - b. What is the tens digit of (r + 3)/((-4)/(-34))?
1
Let x = -37 - -28. Suppose -4*s - 4*h = -80, 0 = 2*s + 5*h - 0*h - 46. Let o = x + s. What is the units digit of o?
9
Let y = -30 - -308. What is the hundreds digit of y?
2
Let x = 28 - -2. What is the units digit of x?
0
What is the tens digit of (-1112)/(-18) - (-4)/18?
6
Let q(v) = v**3 + 4*v**2 - 3*v - 4. Let u be q(-4). Suppose -3*j + 16 = -7*j, u = g + 5*j. What is the units digit of g?
8
Let x(g) = -8*g - 7. What is the units digit of x(-4)?
5
Suppose -4*r = -r. Suppose -6*o = -o - 4*j - 50, j + 5 = r. Suppo